f?
2, 3
Suppose -5*o + o - 8 = -2*y, -2*y - 16 = 2*o. What are the prime factors of ((-3)/(-30)*-12)/(o/30)?
3
Suppose 0 = 3*k + 4*j - 546, 0*k - 3*j + 177 = k. Let n = k - 108. List the prime factors of n.
2, 3, 13
Let h be (-12)/(-15)*(-390)/(-4). Suppose 0 = -2*n - 4*n + h. Let r = 35 - n. What are the prime factors of r?
2, 11
Let o(s) = -s**2 - 5*s - 2. Let a be o(-4). Suppose -53*d + 3 = -52*d. Suppose a*l + 21 = 4*g + 85, 0 = -5*l + d*g + 174. What are the prime factors of l?
2, 3
Suppose 5*c = 15 - 5. Suppose -1 = -2*i - 3, 2*i - 200 = -c*a. List the prime factors of a.
101
Let w be (-2290)/18 - 16/(-72). List the prime factors of 4*(-3)/(-6) - w.
3, 43
Let j = 9 + -15. Let u(y) = 3*y**2 + 6*y - 11. What are the prime factors of u(j)?
61
Suppose 0*y = -3*y + 69. Suppose -2*w = 3*p - y, 0 = -p - 3*p - 4*w + 28. Let s = 15 - p. What are the prime factors of s?
2, 3
Suppose 4*s + 10 = 322. List the prime factors of s.
2, 3, 13
Let v = -1850 + 3820. List the prime factors of v.
2, 5, 197
Suppose 3*w - 6825 = -12*w. List the prime factors of w.
5, 7, 13
Suppose -12*k - k + 6695 = 0. List the prime factors of k.
5, 103
Suppose -5*h + 3*t - 2 = -9, -7 = -4*h + t. Let j be (-1)/(-1*h/30). What are the prime factors of 10/j*(-69)/(-2)?
23
Let a = -37 - -156. Let q = a + -64. Suppose -w - 4*w + q = 0. List the prime factors of w.
11
Let p = 433 + -429. Let f(r) = r + 4. Let b be f(0). What are the prime factors of (b/p)/(2/28)?
2, 7
Suppose -87 = f + 2*f. Let x = f + 58. List the prime factors of x.
29
Let i(n) = -2*n**3 - 6*n**2 - 3*n - 10. Suppose -4*c - 20 = c. List the prime factors of i(c).
2, 17
Let a = 12 + -7. Suppose a*o - 3 = 2*o. Let d = 7 - o. List the prime factors of d.
2, 3
Let r(n) be the third derivative of 0 + 0*n - 5*n**2 + 1/4*n**4 - 2/3*n**3. List the prime factors of r(3).
2, 7
Suppose -k - n + 23 = 0, 2*k - n = n + 42. Let q = k - 34. What are the prime factors of 26 - (-4)/(q/(-3))?
3
Let b = 561 - 242. List the prime factors of b.
11, 29
Let n = 306 + 1107. What are the prime factors of n?
3, 157
What are the prime factors of 128/24 + -6 + (-1280)/(-12)?
2, 53
Suppose c - 105 = -4*c + 3*a, -21 = -c + 5*a. Suppose 4*k + c = 189. What are the prime factors of (-2 - -3)/(2/k)?
3, 7
Let y be 284/14 - (-10)/(-35). Let t = y + -17. What are the prime factors of t?
3
Suppose 8*s - 7164 = -4*s. What are the prime factors of s?
3, 199
Let d = -114 + 286. Let o = d - 23. Suppose -5 - o = -7*p. What are the prime factors of p?
2, 11
Suppose 24*l - 28*l - 5*t = -117, -3*l = -t - 83. Suppose 5*m - 2*m - 2 = -2*s, 3*m + 3*s = 0. Suppose 0*k - m*k = -l. List the prime factors of k.
2, 7
Let w be 23*(-3 - -3 - -1). Let o be -4 + w + (1 - 2). List the prime factors of (9/(-3))/((-2)/o).
3
Suppose p - 2*p = 9. List the prime factors of (-3 - -61) + (-6 - p).
61
Let g = -224 - -320. Let w = 0 + 4. Suppose 2*q - 69 = -3*m, w*m - 3*q - g = -7*q. What are the prime factors of m?
3, 7
Suppose -3*n - 3*z + 1261 = z, n - 432 = z. What are the prime factors of n?
7, 61
Let y(c) = 682*c - 81. What are the prime factors of y(5)?
3329
Let x be (3 + -3 - 1)*-3. Suppose -5*g + 570 = -2*g - x*d, 3*g + 2*d - 595 = 0. What are the prime factors of g?
3, 5, 13
Let a(w) = -73*w**2 + 33*w - 6. Let r(v) = 49*v**2 - 22*v + 4. Let m(f) = -5*a(f) - 7*r(f). What are the prime factors of m(2)?
2, 17
Suppose 6*x + 4*a = 3*x + 8, 2*x - 4*a - 12 = 0. Suppose -x*g = -4*b - 84, 2*g + 4*b - 27 = -3. What are the prime factors of g?
2, 3
Let l = -2719 - -4746. List the prime factors of l.
2027
Let l(b) = -b**2 - 13*b - 2. Let n be l(-12). Let d(k) = 21 + 5 - 2*k - n. What are the prime factors of d(-14)?
2, 11
Suppose -2*k = -7*k + 4*d + 46, -2*d = -2. Let w(m) = m + 16. What are the prime factors of w(k)?
2, 13
Let y(a) = a**3 - 17*a**2 + 9*a + 25. What are the prime factors of y(17)?
2, 89
Let z(u) = -104*u**3 - 2*u**2 - 2*u + 4. What are the prime factors of z(-2)?
2, 13
Suppose o + 3778 = 3*j, 25*j - 20*j + 5*o = 6290. List the prime factors of j.
1259
What are the prime factors of 15964/10 - 14/(-420)*-12?
2, 3, 7, 19
Suppose -3*t + 1161 = 4*c, -7*t - 387 = -8*t - 5*c. List the prime factors of t.
3, 43
Let a = -6036 + 9017. What are the prime factors of a?
11, 271
List the prime factors of (351 - -1) + -5 + -1 + 4.
2, 5, 7
Suppose 326 = 6*k + 1070. Let f = 68 + k. Let p = f + 78. List the prime factors of p.
2, 11
Let c(v) = -169*v - 293. List the prime factors of c(-6).
7, 103
Let h = 21 + -19. Suppose 3*v - h - 4 = 0. Suppose 0 = -2*g + d + 16, 0*g - v*g + 20 = -2*d. List the prime factors of g.
2, 3
Suppose 3*m = 3*r - 7*r, 0 = 4*m. Suppose 3 = k + 5*w - r, k = 4*w + 21. List the prime factors of k.
13
Let v(y) = y**3 + 10*y**2 + 4*y + 7. Let s be (-2 + 1 + 3)/(2/(-9)). List the prime factors of v(s).
2, 13
Let m = 36 - 32. Suppose 0 = -3*f + 8*f - 10, -2*k + m*f = -162. List the prime factors of k.
5, 17
Suppose -28 = 5*h + 7. Let z be (-1)/(-3) - h/(-21). Suppose 4*q - 3*i - 195 = z, 0*q + 5*q = -3*i + 210. What are the prime factors of q?
3, 5
Suppose -p = -5*x + 7*x - 183, 0 = 2*p - 3*x - 380. List the prime factors of p.
11, 17
Let b be (-7)/(-1) + (-3)/(-3). Suppose -3*p + 22 + b = 5*r, -3*p = -2*r - 9. What are the prime factors of r?
3
Suppose -h - 20 = 5*x - 5*h, -25 = x - 5*h. Suppose x = -16*j + 10*j + 96. List the prime factors of j.
2
Let t = -2499 - -3707. List the prime factors of t.
2, 151
Let m(y) = -4*y + 10. What are the prime factors of m(-18)?
2, 41
Let s = 16 - 14. Suppose k = s*v + 2*v - 67, -4*v = -2*k - 70. Suppose -v = -4*r, -3*r + 72 = 4*f + 20. List the prime factors of f.
2, 5
Let d = 1402 + -796. List the prime factors of d.
2, 3, 101
Let z = 1 - 0. Suppose 5 = w + z. Suppose -v + w*l - 6 = 0, 5*l - 3*l = 2*v. What are the prime factors of v?
2
Let h(g) = 2 - 8*g + g**3 - 6 - 3 + 6*g**2. Let j be h(-7). Suppose j = 4*r - 103 - 9. List the prime factors of r.
2, 7
Suppose -39*q + 59089 + 39659 = 0. List the prime factors of q.
2, 3, 211
Let b(d) = -152*d - 7. Let x be b(1). Let w = -94 - x. List the prime factors of w.
5, 13
What are the prime factors of -3 - (0/2 - 331)?
2, 41
Let h = -3146 + 4968. What are the prime factors of h?
2, 911
Suppose -3*w + 40 = 2*w. Let x(b) = 4*b**2 + 5*b - 12. Let f be x(w). Suppose 4*n = 8*n - f. List the prime factors of n.
71
Let v(o) = 2269*o**3 - o**2 + 8*o - 7. List the prime factors of v(1).
2269
Suppose -8*g + 8105 = -695. What are the prime factors of g?
2, 5, 11
Suppose 6*z - 19261 = 2303. List the prime factors of z.
2, 3, 599
Let n(p) = p**3 + 42*p**2 + 25*p - 44. List the prime factors of n(-40).
2, 7, 11
Let w = -38 - -31. Let s(c) = -10*c + 17. What are the prime factors of s(w)?
3, 29
Suppose 0 = -2*q + 603 + 1159. Suppose -77 = 4*c - q. List the prime factors of c.
3, 67
Let r = 400 - 174. Let n = 408 - r. What are the prime factors of n?
2, 7, 13
Let t = -5343 - -9607. List the prime factors of t.
2, 13, 41
Let k(q) = -q**2 + 18*q - 6. Let j be k(17). Suppose -j*f - 93 = -313. List the prime factors of f.
2, 5
Let n(b) = 45*b**2 - 4*b + 7*b + 7 - 43*b**2 + b. What are the prime factors of n(4)?
5, 11
Suppose -4*t - 3*r + 4973 = 0, 4*r + 8077 = 5*t + 1822. What are the prime factors of t?
29, 43
Suppose 12 = -3*r + 4*t, 0*r + 3*r + 2*t = -12. Let s be (0*1/r)/(-2). Suppose h + d = -s*d + 53, 4*h - 3*d - 233 = 0. What are the prime factors of h?
2, 7
Suppose 392 = 4*v - 1688. Suppose -4*p + 292 = -v. List the prime factors of p.
7, 29
Suppose 12*f = 16*f. Suppose f = 4*i - 2*i - 126. List the prime factors of i.
3, 7
List the prime factors of 26*4/(-5)*(-18 - -13).
2, 13
Suppose -1 - 13 = -z. Let y(n) = 10*n + 1. What are the prime factors of y(z)?
3, 47
Let v be 3 - 1*(9 + -2). List the prime factors of ((-2864)/18)/v + 2/9.
2, 5
Let r = 25 + -27. List the prime factors of (22/(-12)*r)/(9/162).
2, 3, 11
Suppose -3*j = 168 - 2484. List the prime factors of j.
2, 193
Let z be (-54)/(-12)*4/6. Suppose 0 = z*i - 8*i + 125. Suppose u + 3*u = -4*s + 48, -5*u = -i. What are the prime factors of s?
7
Let i be (0 - -9)*2/2. Suppose -4*j = -4*u - 8 - 16, j = -2*u - i. What are the prime factors of ((-44)/20)/(1/u)?
11
Suppose -5*u - 3025 = -5*c, 0*c - 605 = -c - 3*u. What are the prime fa